{"id":21,"date":"2019-03-13T16:23:56","date_gmt":"2019-03-13T16:23:56","guid":{"rendered":"http:\/\/kleine-fuesschen.eu\/?page_id=21"},"modified":"2023-01-03T06:31:45","modified_gmt":"2023-01-03T06:31:45","slug":"geburtsvorbereitung","status":"publish","type":"page","link":"http:\/\/kleine-fuesschen.eu\/?page_id=21","title":{"rendered":"Geburtsvorbereitung"},"content":{"rendered":"\n<div class=\"wp-block-cover has-background-dim-10 has-very-light-gray-background-color has-background-dim\" style=\"background-image:url(http:\/\/kleine-fuesschen.eu\/wp-content\/uploads\/2019\/03\/DSC_0196.jpg)\"><div class=\"wp-block-cover__inner-container is-layout-flow wp-block-cover-is-layout-flow\">\n<p class=\"has-text-align-center has-large-font-size\"><\/p>\n<\/div><\/div>\n\n\n\n<p class=\"has-drop-cap\">Der Geburtsvorbereitungskurs besteht aus 14h, die sich auf 7 x 120 Minuten aufteilen. Die ersten 3 Abende finden ohne Partner statt. Am 4. + 5. Abend sind die Papi\u2019s (oder auch Freundin, Oma, Tante\u2026) herzlich eingeladen. Die letzten beiden Abende finden nochmals ohne Begleitung statt.<\/p>\n\n\n\n<p>Der Kurs umfasst folgende Themen:<\/p>\n\n\n\n<ul class=\"wp-block-list\"><li>K\u00f6rperarbeit<\/li><li>Atmung<\/li><li>Gespr\u00e4che \u00fcber die einzelnen Geburtsphasen<\/li><li>Brustvorbereitung + Stillen<\/li><li>ambulante Geburt<\/li><li>Kliniksituation<\/li><li>Wochenbett<\/li><li>Entspannungs\u00fcbungen + Massagen<\/li><\/ul>\n\n\n\n<p>Die Geburtsvorbereitungskurse finden bis auf weiteres online statt.<\/p>\n","protected":false},"excerpt":{"rendered":"<p>Der Geburtsvorbereitungskurs besteht aus 14h, die sich auf 7 x 120 Minuten aufteilen. Die ersten 3 Abende finden ohne Partner statt. Am 4. + 5. Abend sind die Papi\u2019s (oder auch Freundin, Oma, Tante\u2026) herzlich eingeladen. Die letzten beiden Abende finden nochmals ohne Begleitung statt. Der Kurs umfasst folgende Themen: K\u00f6rperarbeit Atmung Gespr\u00e4che \u00fcber die [&hellip;]<\/p>\n","protected":false},"author":1,"featured_media":0,"parent":20,"menu_order":0,"comment_status":"closed","ping_status":"closed","template":"","meta":{"footnotes":""},"class_list":["post-21","page","type-page","status-publish","hentry"],"_links":{"self":[{"href":"http:\/\/kleine-fuesschen.eu\/index.php?rest_route=\/wp\/v2\/pages\/21","targetHints":{"allow":["GET"]}}],"collection":[{"href":"http:\/\/kleine-fuesschen.eu\/index.php?rest_route=\/wp\/v2\/pages"}],"about":[{"href":"http:\/\/kleine-fuesschen.eu\/index.php?rest_route=\/wp\/v2\/types\/page"}],"author":[{"embeddable":true,"href":"http:\/\/kleine-fuesschen.eu\/index.php?rest_route=\/wp\/v2\/users\/1"}],"replies":[{"embeddable":true,"href":"http:\/\/kleine-fuesschen.eu\/index.php?rest_route=%2Fwp%2Fv2%2Fcomments&post=21"}],"version-history":[{"count":17,"href":"http:\/\/kleine-fuesschen.eu\/index.php?rest_route=\/wp\/v2\/pages\/21\/revisions"}],"predecessor-version":[{"id":464,"href":"http:\/\/kleine-fuesschen.eu\/index.php?rest_route=\/wp\/v2\/pages\/21\/revisions\/464"}],"up":[{"embeddable":true,"href":"http:\/\/kleine-fuesschen.eu\/index.php?rest_route=\/wp\/v2\/pages\/20"}],"wp:attachment":[{"href":"http:\/\/kleine-fuesschen.eu\/index.php?rest_route=%2Fwp%2Fv2%2Fmedia&parent=21"}],"curies":[{"name":"wp","href":"https:\/\/api.w.org\/{rel}","templated":true}]}}